{"id":57,"date":"2017-09-26T21:43:21","date_gmt":"2017-09-26T21:43:21","guid":{"rendered":"http:\/\/machdirkeinesorgen.at\/?page_id=57"},"modified":"2020-04-03T16:32:57","modified_gmt":"2020-04-03T16:32:57","slug":"agbs","status":"publish","type":"page","link":"https:\/\/machdirkeinesorgen.at\/?page_id=57","title":{"rendered":"AGB&#8217;s"},"content":{"rendered":"\n<p>AGBs &#8211;&nbsp;Allgemeine Gesch\u00e4ftsbedingungen<\/p>\n\n\n\n<p><strong>Anmeldung<\/strong><br>Bei allen von der MDKS-Akademie (in der Folge \u201eVeranstalter\u201c) angebotenen Veranstaltungen ist die Teilnehmer\/innenanzahl begrenzt. Die Anmeldungen werden deshalb in der Reihenfolge ihres Eintreffens ber\u00fccksichtigt. Anmeldungen erfolgen per E-Mail unter (franz@hotel-gratkorn.at) bzw. elektronischem Anmeldeformular auf der Homepage www.machdirkeinesorgen.at oder www.kalkus.at und werden per E-Mail best\u00e4tigt. Sp\u00e4testens 1-2 Wochen vor Veranstaltungsbeginn folgt eine Verst\u00e4ndigung mit allen wesentlichen Informationen wie z.B. den genauen Veranstaltungszeiten.<\/p>\n\n\n\n<p><strong>Teilnahmevoraussetzungen<\/strong><br>Wenn der Besuch einer Veranstaltung an bestimmte Voraussetzungen gebunden ist, so sind diese in der Ausschreibung explizit angef\u00fchrt und sind von den TeilnehmerInnen einzuhalten. Der Veranstalter beh\u00e4lt sich das Recht vor, Anmeldungen ohne weitere Angabe von Gr\u00fcnden abzulehnen. Ebenso ist der Veranstalter berechtigt, Teilnehmer\/innen, die durch fortgesetztes, aggressives, rassistisches, sexistisches, homophobes oder sonstiges st\u00f6rendes Verhalten den Seminarerfolg verhindern, jederzeit aus der Veranstaltung auszuschlie\u00dfen. Der Veranstaltungsbeitrag wird in diesen F\u00e4llen nicht zur\u00fcckerstattet.<\/p>\n\n\n\n<p><strong>Seminar- bzw. Kursleitung<\/strong><br>Die Veranstaltungen werden in der Regel von Franz Sint und\/oder Thomas Kalkus-Promitzer geleitet. Einzelne Module bzw. Veranstaltungen k\u00f6nnen aber auch von anderen, qualifizierten Trainer\/innen durchgef\u00fchrt werden. Ist dies der Fall, so wird das bereits in der jeweiligen Ausschreibung angegeben.<\/p>\n\n\n\n<p><strong>Seminarbeitrag<\/strong><br>Der Seminarbeitrag ist sofort nach Erhalt der Anmeldebest\u00e4tigung, jedenfalls mindestens 2 Wochen vor Beginn des Seminars einzuzahlen, wenn nicht anders angegeben. Seminar-Anmeldungen, die bis zu 2 Wochen vor Seminarbeginn nicht bezahlt sind, k\u00f6nnen nicht mehr ber\u00fccksichtigt werden. Eine Teilnahme an der Veranstaltung ist dann nicht m\u00f6glich. Im Veranstaltungsbeitrag sind alle Kursunterlagen, Pausengetr\u00e4nke sowie eine Teilnahmebest\u00e4tigung bzw. ein Zertifikat inkludiert. F\u00fcr die An- und Abreise und eventuelle Verpflegung und \u00dcbern\u00e4chtigung ist selbstst\u00e4ndig Sorge zu tragen.<\/p>\n\n\n\n<p><strong>Kursunterlagen<\/strong><br>Die Kursunterlagen sind geistiges Eigentum des Veranstalters und d\u00fcrfen nur f\u00fcr den pers\u00f6nlichen Gebrauch eingesetzt werden. Jedwede Vervielf\u00e4ltigung f\u00fcr Dritte ist untersagt.<\/p>\n\n\n\n<p><strong>Absage der Veranstaltung<\/strong><br>Der Veranstalter beh\u00e4lt sich vor, bei einer zu geringen Teilnehmer\/innenanzahl oder anderen zwingenden Gr\u00fcnden eine Veranstaltung abzusagen oder auf einen sp\u00e4teren Zeitpunkt zu verlegen. In diesem Fall werden bereits einbezahlte Seminarbeitr\u00e4ge ca. 1 Woche nach geplantem Veranstaltungsbeginn zur G\u00e4nze zur\u00fcckbezahlt. Dar\u00fcber hinausgehende Anspr\u00fcche sind ausgeschlossen. Im Falle einer Absage oder einer \u00c4nderung des Veranstaltungsbeginn werden die Teilnehmer\/innen rechtzeitig schriftlich verst\u00e4ndigt. Anspr\u00fcche gegen\u00fcber dem Veranstalter sind daraus nicht abzuleiten.<\/p>\n\n\n\n<p><strong>Stornierung<\/strong><br>Stornierungen werden ausschlie\u00dflich schriftlich (per E-Mail) entgegengenommen. Sollten Sie am Besuch der Veranstaltung verhindert sein, so kann eine kostenfreie Stornierung bis zu 14 Kalendertage vor Beginn erfolgen. Es gilt das Datum des E-Mail-Einganges. Bei Stornierungen innerhalb von 13 \u2013 7 Tagen vor der Veranstaltung sind 40% der Kosten zu bezahlen. Bei Stornierungen innerhalb von 6 \u2013 1 Tagen, bzw. am Tag der Veranstaltung ist der gesamte Beitrag zu bezahlen.<\/p>\n\n\n\n<p><strong>Haftung<\/strong><br>Der Veranstalter haftet nicht f\u00fcr die pers\u00f6nlichen Gegenst\u00e4nde der Teilnehmer\/innen.<\/p>\n\n\n\n<p><strong>Datenschutz<\/strong><br>Alle pers\u00f6nlichen Angaben der TeilnehmerI\/innen werden vertraulich behandelt und nicht an Dritte weitergegeben.<\/p>\n\n\n\n<pre class=\"wp-block-preformatted\"><strong>BCS, Coaching, Hypnose und Unternehmensberatung<\/strong>\nDie AGB regeln die Gesch\u00e4ftsbeziehungen zwischen der mach Dir keine Sorgen Akademie sowie seinen Mitarbeitern und dem Klienten, soweit zwischen den Vertragsparteien sofern nichts Abweichendes schriftlich vereinbart wurde.\n\u00a7 1 Vertragsabschluss\nDer Behandlungsvertrag kommt zustande, wenn sich der Klient und die mach Dir keine Sorgen Akademie oder deren Vertreter zum Zweck einer Beratung, einem Vorgespr\u00e4ch oder eines Gespr\u00e4ches auf einen Termin einigen. Die mach Dir keine Sorgen-Akademie sowie deren Vertreter sind berechtigt, einen Vertrag ohne Angabe von Gr\u00fcnden abzulehnen; insbesondere wenn ein erforderliches Vertrauensverh\u00e4ltnis nicht erwartet werden kann, es um Beschwerden geht, welche wir aufgrund ihrer Spezialisierung oder aus gesetzlichen Gr\u00fcnden nicht behandeln k\u00f6nnen oder d\u00fcrfen oder der Inhaber durch die Behandlung in Gewissenskonflikte kommen k\u00f6nnte.\n\u00a72  Inhalt und Zweck des Vertrages\na) Die MDKS-Akademie erbringt ihre Dienste gegen\u00fcber dem Klienten in der Form, dass sie ihre Kenntnisse und F\u00e4higkeiten der Aus\u00fcbung der BCS-, der Coaching- und der Hypnosearbeit zur Beratung zum BCS, Coaching und beim Klienten anwendet.\nb) \u00dcber die die Art der gemeinsamen Arbeit entscheidet der Klient nach seinen Befindlichkeiten frei, nachdem er durch die MDKS-Akademie oder deren Mitarbeiter \u00fcber die anwendbaren Methoden und deren Vor- und Nachteile in fachlicher und wirtschaftlicher Hinsicht umfassend informiert wurde. Soweit der Klient nicht entscheidet oder nicht entscheiden kann, ist die MDKS-Akademie und deren Mitarbeiter befugt, die Methode anzuwenden, die dem mutmasslichen Klientenwillen entspricht.\nDie MDKS-Akademie weist ausdr\u00fccklich darauf hin, dass die angebotene Arbeit nicht den Besuch bei einem Arzt, Psychologen noch Psychiater ersetzt. Auch das Absetzen von etwaigen Medikamenten oder Therapien f\u00e4llt ausschliesslich in den Verantwortungsbereich des Klienten und wird von uns in keiner Form bef\u00fcrwortet oder abgelehnt. Im Zweifelsfalle ist die oben erw\u00e4hnte Fachperson zu konsultieren.\nc) Die Sitzungsteilnahme an einer Einzelsitzung oder einem Coaching ist grunds\u00e4tzlich nur m\u00f6glich, sofern der Klient nicht an einer akuten k\u00f6rperlichen oder geistigen Erkrankung leidet.\nMit Inanspruchnahme einer Beratung oder eines Coachings bzw. der Buchung einer Sitzung erkl\u00e4rt der Klient, eigenverantwortlich durch geeignete Ma\u00dfnahmen sichergestellt zu haben, k\u00f6rperlich sowie geistig nicht akut erkrankt zu sein. Akut ansteckend Erkrankte haben trotz Buchungsbest\u00e4tigung keinen Anspruch auf Behandlung.\n\u00a7 3 Vorgespr\u00e4ch\nJeder Klient hat bei seiner ersten Sitzung Anspruch auf ein unverbindliches und kostenfreies Vorgespr\u00e4ch. Dieses dauert ca. 20-60 Minuten. Das Ende des Vorgespr\u00e4chs ist dann erreicht, wenn der Klient einwilligt, den offerierten Auftrag anzunehmen oder wenn die Sitzung ab- oder unterbrochen wird.\n\u00a7 4 Verg\u00fctung\nDie MDKS-Akademie hat f\u00fcr seine Dienste Anspruch auf ein Honorar. Es gelten die S\u00e4tze, die zum Zeitpunkt der Terminvereinbarung aktuell sind.\u00a0<a href=\"https:\/\/www.hypnosepraxismeier.ch\/tarif\/\">(Siehe Tarif)<\/a>\nDie Zahlung des Sitzungshonorars ist direkt nach Sitzungsende oder im Voraus f\u00e4llig. Sie kann in bar oder mit einem unter\u00a0<a href=\"https:\/\/www.hypnosepraxismeier.ch\/tarif\/\">Tarif<\/a>aufgef\u00fchrten Zahlungsmittel beglichen werden.\n\u00a7 5 Vertraulichkeit der Behandlung\na) Die MDKS-Akademie behandelt die Klientendaten streng vertraulich und erteilt keinerlei Ausk\u00fcnfte an Dritte ohne ausdr\u00fcckliche Zustimmung des Klienten. Davon ausgenommen sind einzig Personensorgeberechtigte, falls der Klient nicht m\u00fcndig ist.\nb) Absatz a) ist nicht anzuwenden, wenn der MDKS-Akademie eine schriftliche, ausdr\u00fcckliche Zustimmung des Klienten vorliegt, bestimmten Personen Auskunft erteilen zu d\u00fcrfen oder wenn die MDKS-Akademie auf Grund gesetzlicher Vorschriften zur Weitergabe der Daten verpflichtet ist \u2013 beispielsweise aufgrund eines Urteils eines Gerichts.\nc) Die MDKS-Akademie f\u00fchrt Aufzeichnungen \u00fcber Therapie-Verlauf und Inhalt (handgeschriebene Akte). Dem Klienten steht die Einsicht in diese Akte zu und er kann jederzeit deren Vernichtung verlangen.\nd) \u00dcber den Umgang mit digitalen Daten gibt die nachfolgende Datenschutzverordnung auskunft.\n\u00a7 6 Meinungsverschiedenheiten\nMeinungsverschiedenheiten aus dem Behandlungsvertrag und den AGB sollten g\u00fctlich beigelegt werden. Hierzu empfiehlt es sich, Gegenvorstellungen, abweichende Meinungen oder Beschwerden schriftlich der jeweils anderen Vertragspartei vorzulegen.\u00a0\n\u00a7 7 Salvatorische Klausel\nZus\u00e4tzliche Vereinbarungen bed\u00fcrfen der Schriftform. Sollten einzelne Vereinbarungen oder die AGB insgesamt unwirksam sein oder werden, treten an die Stelle der unwirksamen Vereinbarung(en) rechtsg\u00fcltige Vereinbarungen, die der\/den unwirksamen von der Bedeutung her am N\u00e4chsten kommen.<\/pre>\n\n\n\n<p><strong>Recht<\/strong><br>Es gilt \u00f6sterreichisches Recht.<\/p>\n\n\n\n<p>Gerichtsstand<br>Graz<\/p>\n","protected":false},"excerpt":{"rendered":"<p>AGBs &#8211;&nbsp;Allgemeine Gesch\u00e4ftsbedingungen AnmeldungBei allen von der MDKS-Akademie (in der Folge \u201eVeranstalter\u201c) angebotenen Veranstaltungen ist die Teilnehmer\/innenanzahl begrenzt. Die Anmeldungen werden deshalb in der Reihenfolge ihres Eintreffens ber\u00fccksichtigt. Anmeldungen erfolgen per E-Mail unter (franz@hotel-gratkorn.at) bzw. elektronischem Anmeldeformular auf der Homepage www.machdirkeinesorgen.at oder www.kalkus.at und werden per E-Mail best\u00e4tigt. Sp\u00e4testens 1-2 Wochen vor Veranstaltungsbeginn folgt eine &hellip; <\/p>\n<p class=\"link-more\"><a href=\"https:\/\/machdirkeinesorgen.at\/?page_id=57\" class=\"more-link\"><span class=\"screen-reader-text\">\u201eAGB&#8217;s\u201c <\/span>weiterlesen<\/a><\/p>\n","protected":false},"author":1,"featured_media":0,"parent":0,"menu_order":0,"comment_status":"closed","ping_status":"closed","template":"","meta":{"footnotes":""},"class_list":["post-57","page","type-page","status-publish","hentry"],"_links":{"self":[{"href":"https:\/\/machdirkeinesorgen.at\/index.php?rest_route=\/wp\/v2\/pages\/57","targetHints":{"allow":["GET"]}}],"collection":[{"href":"https:\/\/machdirkeinesorgen.at\/index.php?rest_route=\/wp\/v2\/pages"}],"about":[{"href":"https:\/\/machdirkeinesorgen.at\/index.php?rest_route=\/wp\/v2\/types\/page"}],"author":[{"embeddable":true,"href":"https:\/\/machdirkeinesorgen.at\/index.php?rest_route=\/wp\/v2\/users\/1"}],"replies":[{"embeddable":true,"href":"https:\/\/machdirkeinesorgen.at\/index.php?rest_route=%2Fwp%2Fv2%2Fcomments&post=57"}],"version-history":[{"count":4,"href":"https:\/\/machdirkeinesorgen.at\/index.php?rest_route=\/wp\/v2\/pages\/57\/revisions"}],"predecessor-version":[{"id":1097,"href":"https:\/\/machdirkeinesorgen.at\/index.php?rest_route=\/wp\/v2\/pages\/57\/revisions\/1097"}],"wp:attachment":[{"href":"https:\/\/machdirkeinesorgen.at\/index.php?rest_route=%2Fwp%2Fv2%2Fmedia&parent=57"}],"curies":[{"name":"wp","href":"https:\/\/api.w.org\/{rel}","templated":true}]}}