{"id":60,"date":"2017-09-26T21:43:45","date_gmt":"2017-09-26T21:43:45","guid":{"rendered":"http:\/\/machdirkeinesorgen.at\/?page_id=60"},"modified":"2021-10-16T17:45:24","modified_gmt":"2021-10-16T17:45:24","slug":"impressum","status":"publish","type":"page","link":"https:\/\/machdirkeinesorgen.at\/?page_id=60","title":{"rendered":"Impressum"},"content":{"rendered":"<p class=\"Normal\"><span class=\"C-1\">Medieninhaber\/Firma: <\/span><\/p>\n<p class=\"Normal\"><span class=\"C-1\">MDKS &#8211;<wbr \/> Franz Sint<\/span><\/p>\n<p class=\"Normal\"><span class=\"C-1\">Unternehmensberatung, Schulungszentrum, Ausbildung und Lehre<\/span><\/p>\n<p class=\"Normal\"><span class=\"C-1\">Partnerhotel: Hotel Gratkorn bei Graz, Brucker Strasse 2-4, 8112 Gratwein<\/span><\/p>\n<p class=\"Normal\"><span class=\"C-1\">Reiner Strasse 60 a, A &#8211;<wbr \/> 8112 Gratwein<\/span><\/p>\n<p class=\"Normal\"><span class=\"C-1\">Tel:+43 (0) 3124 53635<\/span><\/p>\n<p class=\"Normal\"><span class=\"C-1\">Fax: +43 (0) 3124 53635 4<\/span><\/p>\n<p class=\"Normal\"><span class=\"C-1\">UID: ATU28920004<\/span><\/p>\n<p class=\"Normal\"><span class=\"C-1\">E &#8211;<wbr \/>Mail: machdirkeinesorgen@gmx.at<\/span><\/p>\n<p class=\"Normal\"><span class=\"C-1\">Homepage: http:\\\\www.machdirkeinesorgen.at<\/span><\/p>\n<p class=\"Normal\"><span class=\"C-1\">Fachbereich: Beratung, Coaching, Supervision, Schulung, Ausbildung und Lehre<\/span><\/p>\n<p class=\"Normal\"><span class=\"C-1\">Copyright\/Haftung<\/span><\/p>\n<p class=\"Normal\"><span class=\"C-1\">Im Hinblick auf die technischen Eigenschaften des Internet kann keine Gew\u00e4hr f\u00fcr die Authentizit\u00e4t, Richtigkeit und Vollst\u00e4ndigkeit der im Internet zur Verf\u00fcgung gestellten Informationen \u00fcbernommen werden. Es wird auch keine Gew\u00e4hr f\u00fcr die Verf\u00fcgbarkeit oder den Betrieb der gegenst\u00e4ndlichen Homepage und ihrer Inhalte \u00fcbernommen. <\/span><\/p>\n<p class=\"Normal\"><span class=\"C-1\">Jede Haftung f\u00fcr unmittelbare, mittelbare oder sonstige Sch\u00e4den, unabh\u00e4ngig von deren Ursachen, die aus der Benutzung oder Nichtverf\u00fcgbarkeit der Daten und Informationen dieser Homepage erwachsen, wird, soweit rechtlich zul\u00e4ssig, ausgeschlossen.<\/span><\/p>\n<p class=\"Normal\"><span class=\"C-1\">Der Inhalt dieser Homepage ist urheberrechtlich gesch\u00fctzt. Die Informationen sind nur f\u00fcr die pers\u00f6nliche Verwendung bestimmt. Jede weitergehende Nutzung insbesondere die Speicherung in Datenbanken, Vervielf\u00e4ltigung und jede Form von gewerblicher Nutzung sowie die Weitergabe an Dritte \u2212 auch in Teilen oder in \u00fcberarbeiteter Form \u2212 ohne Zustimmung der jeweiligen Organisation ist untersagt.<\/span><\/p>\n<p class=\"Normal\"><span class=\"C-1\">Jede Einbindung einzelner Seiten unseres Angebotes in fremde Frames ist untersagt.<\/span><\/p>\n<p class=\"Normal\"><span class=\"C-1\">Gerichtstand, Graz<\/span><\/p>\n","protected":false},"excerpt":{"rendered":"<p>Medieninhaber\/Firma: MDKS &#8211; Franz Sint Unternehmensberatung, Schulungszentrum, Ausbildung und Lehre Partnerhotel: Hotel Gratkorn bei Graz, Brucker Strasse 2-4, 8112 Gratwein Reiner Strasse 60 a, A &#8211; 8112 Gratwein Tel:+43 (0) 3124 53635 Fax: +43 (0) 3124 53635 4 UID: ATU28920004 E &#8211;Mail: machdirkeinesorgen@gmx.at Homepage: http:\\\\www.machdirkeinesorgen.at Fachbereich: Beratung, Coaching, Supervision, Schulung, Ausbildung und Lehre Copyright\/Haftung Im &hellip; <\/p>\n<p class=\"link-more\"><a href=\"https:\/\/machdirkeinesorgen.at\/?page_id=60\" class=\"more-link\"><span class=\"screen-reader-text\">\u201eImpressum\u201c <\/span>weiterlesen<\/a><\/p>\n","protected":false},"author":1,"featured_media":0,"parent":0,"menu_order":0,"comment_status":"closed","ping_status":"closed","template":"","meta":{"footnotes":""},"class_list":["post-60","page","type-page","status-publish","hentry"],"_links":{"self":[{"href":"https:\/\/machdirkeinesorgen.at\/index.php?rest_route=\/wp\/v2\/pages\/60","targetHints":{"allow":["GET"]}}],"collection":[{"href":"https:\/\/machdirkeinesorgen.at\/index.php?rest_route=\/wp\/v2\/pages"}],"about":[{"href":"https:\/\/machdirkeinesorgen.at\/index.php?rest_route=\/wp\/v2\/types\/page"}],"author":[{"embeddable":true,"href":"https:\/\/machdirkeinesorgen.at\/index.php?rest_route=\/wp\/v2\/users\/1"}],"replies":[{"embeddable":true,"href":"https:\/\/machdirkeinesorgen.at\/index.php?rest_route=%2Fwp%2Fv2%2Fcomments&post=60"}],"version-history":[{"count":5,"href":"https:\/\/machdirkeinesorgen.at\/index.php?rest_route=\/wp\/v2\/pages\/60\/revisions"}],"predecessor-version":[{"id":1350,"href":"https:\/\/machdirkeinesorgen.at\/index.php?rest_route=\/wp\/v2\/pages\/60\/revisions\/1350"}],"wp:attachment":[{"href":"https:\/\/machdirkeinesorgen.at\/index.php?rest_route=%2Fwp%2Fv2%2Fmedia&parent=60"}],"curies":[{"name":"wp","href":"https:\/\/api.w.org\/{rel}","templated":true}]}}