{"id":601,"date":"2018-02-28T19:10:26","date_gmt":"2018-02-28T19:10:26","guid":{"rendered":"http:\/\/machdirkeinesorgen.at\/?page_id=601"},"modified":"2021-10-11T18:26:47","modified_gmt":"2021-10-11T18:26:47","slug":"kuratorium-fuer-trainer","status":"publish","type":"page","link":"https:\/\/machdirkeinesorgen.at\/?page_id=601","title":{"rendered":"Trainer Kompetenzzentrum Austria"},"content":{"rendered":"<h2 style=\"text-align: center;\"><strong><img loading=\"lazy\" decoding=\"async\" class=\"size-medium wp-image-611 aligncenter\" src=\"https:\/\/machdirkeinesorgen.at\/wp-content\/uploads\/2018\/03\/t669069_eu-logo-300x198.jpg\" alt=\"\" width=\"300\" height=\"198\" srcset=\"https:\/\/machdirkeinesorgen.at\/wp-content\/uploads\/2018\/03\/t669069_eu-logo-300x198.jpg 300w, https:\/\/machdirkeinesorgen.at\/wp-content\/uploads\/2018\/03\/t669069_eu-logo-768x507.jpg 768w, https:\/\/machdirkeinesorgen.at\/wp-content\/uploads\/2018\/03\/t669069_eu-logo-1024x676.jpg 1024w\" sizes=\"auto, (max-width: 300px) 100vw, 300px\" \/><\/strong><\/h2>\n<h2 style=\"text-align: center;\"><strong>Gesellschaft f\u00fcr zertifizierte und diplomierte Trainer<\/strong><\/h2>\n<h2 style=\"text-align: center;\"><strong>Institut f\u00fcr Schmerzmanagement und Mentalarbeit<\/strong><\/h2>\n<h2 style=\"text-align: center;\"><strong>Vereinigung von psychosozialen Krisenmanagern\u00a0<\/strong><\/h2>\n<p style=\"text-align: center;\">Wir begr\u00fc\u00dfen Dich auf unserer Plattform f\u00fcr zertifizierte und diplomierte Trainer. Das Ziel unserer Gesellschaft ist es, eine standardisierte und qualitativ hochwertige Ausbildung im Rahmen unserer Plattform pr\u00e4sentieren zu d\u00fcrfen. Wir geben unseren Mitgliedern die M\u00f6glichkeit sich mit Ihren Aufgabenbereichen einem gr\u00f6\u00dferen Publikum vorstellen zu k\u00f6nnen und diesem auch die Gelegenheit zu bieten eine Auswahl treffen zu k\u00f6nnen.\u00a0Unsere Mitglieder\u00a0erf\u00fcllen s\u00e4mtliche\u00a0Richtlinien und Vorgaben des Trainerberufes und sind langj\u00e4hrig in den jeweiligen Gebieten t\u00e4tig.<\/p>\n<p>Wir helfen Ihnen die Mitgliedschaft zu den gewerblichen steirischen Bildungsanbietern schnellstm\u00f6glich umzusetzen.<\/p>\n<p><img loading=\"lazy\" decoding=\"async\" class=\"alignleft size-medium wp-image-591\" src=\"https:\/\/machdirkeinesorgen.at\/wp-content\/uploads\/2018\/02\/NGH-LOGO-250x300.jpg\" alt=\"\" width=\"250\" height=\"300\" srcset=\"https:\/\/machdirkeinesorgen.at\/wp-content\/uploads\/2018\/02\/NGH-LOGO-250x300.jpg 250w, https:\/\/machdirkeinesorgen.at\/wp-content\/uploads\/2018\/02\/NGH-LOGO.jpg 522w\" sizes=\"auto, (max-width: 250px) 100vw, 250px\" \/><img loading=\"lazy\" decoding=\"async\" class=\"alignleft size-full wp-image-393\" src=\"https:\/\/machdirkeinesorgen.at\/wp-content\/uploads\/2017\/12\/cropped-logo-e1514393967986.jpg\" alt=\"\" width=\"150\" height=\"150\" \/><\/p>\n<p><img loading=\"lazy\" decoding=\"async\" class=\"alignleft size-medium wp-image-296\" src=\"https:\/\/machdirkeinesorgen.at\/wp-content\/uploads\/2017\/12\/hypnocoach-dhv-300x124.png\" alt=\"\" width=\"300\" height=\"124\" \/><img loading=\"lazy\" decoding=\"async\" class=\"alignleft size-full wp-image-483\" src=\"https:\/\/machdirkeinesorgen.at\/wp-content\/uploads\/2018\/01\/oedv-nlp.jpg\" alt=\"\" width=\"142\" height=\"142\" srcset=\"https:\/\/machdirkeinesorgen.at\/wp-content\/uploads\/2018\/01\/oedv-nlp.jpg 142w, https:\/\/machdirkeinesorgen.at\/wp-content\/uploads\/2018\/01\/oedv-nlp-100x100.jpg 100w\" sizes=\"auto, (max-width: 142px) 100vw, 142px\" \/><\/p>\n","protected":false},"excerpt":{"rendered":"<p>Gesellschaft f\u00fcr zertifizierte und diplomierte Trainer Institut f\u00fcr Schmerzmanagement und Mentalarbeit Vereinigung von psychosozialen Krisenmanagern\u00a0 Wir begr\u00fc\u00dfen Dich auf unserer Plattform f\u00fcr zertifizierte und diplomierte Trainer. Das Ziel unserer Gesellschaft ist es, eine standardisierte und qualitativ hochwertige Ausbildung im Rahmen unserer Plattform pr\u00e4sentieren zu d\u00fcrfen. Wir geben unseren Mitgliedern die M\u00f6glichkeit sich mit Ihren Aufgabenbereichen &hellip; <\/p>\n<p class=\"link-more\"><a href=\"https:\/\/machdirkeinesorgen.at\/?page_id=601\" class=\"more-link\"><span class=\"screen-reader-text\">\u201eTrainer Kompetenzzentrum Austria\u201c <\/span>weiterlesen<\/a><\/p>\n","protected":false},"author":2,"featured_media":1247,"parent":0,"menu_order":0,"comment_status":"closed","ping_status":"closed","template":"","meta":{"footnotes":""},"class_list":["post-601","page","type-page","status-publish","has-post-thumbnail","hentry"],"_links":{"self":[{"href":"https:\/\/machdirkeinesorgen.at\/index.php?rest_route=\/wp\/v2\/pages\/601","targetHints":{"allow":["GET"]}}],"collection":[{"href":"https:\/\/machdirkeinesorgen.at\/index.php?rest_route=\/wp\/v2\/pages"}],"about":[{"href":"https:\/\/machdirkeinesorgen.at\/index.php?rest_route=\/wp\/v2\/types\/page"}],"author":[{"embeddable":true,"href":"https:\/\/machdirkeinesorgen.at\/index.php?rest_route=\/wp\/v2\/users\/2"}],"replies":[{"embeddable":true,"href":"https:\/\/machdirkeinesorgen.at\/index.php?rest_route=%2Fwp%2Fv2%2Fcomments&post=601"}],"version-history":[{"count":10,"href":"https:\/\/machdirkeinesorgen.at\/index.php?rest_route=\/wp\/v2\/pages\/601\/revisions"}],"predecessor-version":[{"id":1279,"href":"https:\/\/machdirkeinesorgen.at\/index.php?rest_route=\/wp\/v2\/pages\/601\/revisions\/1279"}],"wp:featuredmedia":[{"embeddable":true,"href":"https:\/\/machdirkeinesorgen.at\/index.php?rest_route=\/wp\/v2\/media\/1247"}],"wp:attachment":[{"href":"https:\/\/machdirkeinesorgen.at\/index.php?rest_route=%2Fwp%2Fv2%2Fmedia&parent=601"}],"curies":[{"name":"wp","href":"https:\/\/api.w.org\/{rel}","templated":true}]}}