{"id":648,"date":"2018-03-02T17:02:09","date_gmt":"2018-03-02T17:02:09","guid":{"rendered":"http:\/\/machdirkeinesorgen.at\/?page_id=648"},"modified":"2021-10-11T18:49:35","modified_gmt":"2021-10-11T18:49:35","slug":"manfred-cresnik","status":"publish","type":"page","link":"https:\/\/machdirkeinesorgen.at\/?page_id=648","title":{"rendered":"Manfred Cresnik"},"content":{"rendered":"<p><img loading=\"lazy\" decoding=\"async\" class=\"size-medium wp-image-649 alignnone\" src=\"https:\/\/machdirkeinesorgen.at\/wp-content\/uploads\/2018\/03\/cresnik_manfred-217x300.jpg\" alt=\"\" width=\"217\" height=\"300\" srcset=\"https:\/\/machdirkeinesorgen.at\/wp-content\/uploads\/2018\/03\/cresnik_manfred-217x300.jpg 217w, https:\/\/machdirkeinesorgen.at\/wp-content\/uploads\/2018\/03\/cresnik_manfred-768x1064.jpg 768w, https:\/\/machdirkeinesorgen.at\/wp-content\/uploads\/2018\/03\/cresnik_manfred-739x1024.jpg 739w, https:\/\/machdirkeinesorgen.at\/wp-content\/uploads\/2018\/03\/cresnik_manfred.jpg 1535w\" sizes=\"auto, (max-width: 217px) 100vw, 217px\" \/><\/p>\n<p><a href=\"mailto:m.cresnik@gmx.at\"><strong>Manfred Cresnik<\/strong><\/a><\/p>\n<p>Dipl. Hypnose Master Trainer,<\/p>\n<p>Dipl. Entspannungs- und Mentaltrainer<\/p>\n<p>Zert. Transformative Trance<\/p>\n<p>Zert. W\u00fcnschelrutengeher<\/p>\n<p>Kontakt:<\/p>\n<p>Tel: 0043 (0)699 190 18 118<\/p>\n<p>Mail:<a href=\"mailto:m.cresnik@gmx.at\">m.cresnik@gmx.at<\/a><\/p>\n<ul>\n<li>Hypnose-, Mental- und Entspannungstraining f\u00fcr verschiedenste Bereiche<\/li>\n<li>Tiefenentspannung und Coaching<\/li>\n<li>Transformative Trance<\/li>\n<li>Astralwanderungen, R\u00fcckf\u00fchrungen<\/li>\n<li>Wasserlinien und Energielinien finden und ablenken<\/li>\n<\/ul>\n","protected":false},"excerpt":{"rendered":"<p>Manfred Cresnik Dipl. Hypnose Master Trainer, Dipl. Entspannungs- und Mentaltrainer Zert. Transformative Trance Zert. W\u00fcnschelrutengeher Kontakt: Tel: 0043 (0)699 190 18 118 Mail:m.cresnik@gmx.at Hypnose-, Mental- und Entspannungstraining f\u00fcr verschiedenste Bereiche Tiefenentspannung und Coaching Transformative Trance Astralwanderungen, R\u00fcckf\u00fchrungen Wasserlinien und Energielinien finden und ablenken<\/p>\n","protected":false},"author":2,"featured_media":0,"parent":0,"menu_order":0,"comment_status":"closed","ping_status":"closed","template":"","meta":{"footnotes":""},"class_list":["post-648","page","type-page","status-publish","hentry"],"_links":{"self":[{"href":"https:\/\/machdirkeinesorgen.at\/index.php?rest_route=\/wp\/v2\/pages\/648","targetHints":{"allow":["GET"]}}],"collection":[{"href":"https:\/\/machdirkeinesorgen.at\/index.php?rest_route=\/wp\/v2\/pages"}],"about":[{"href":"https:\/\/machdirkeinesorgen.at\/index.php?rest_route=\/wp\/v2\/types\/page"}],"author":[{"embeddable":true,"href":"https:\/\/machdirkeinesorgen.at\/index.php?rest_route=\/wp\/v2\/users\/2"}],"replies":[{"embeddable":true,"href":"https:\/\/machdirkeinesorgen.at\/index.php?rest_route=%2Fwp%2Fv2%2Fcomments&post=648"}],"version-history":[{"count":10,"href":"https:\/\/machdirkeinesorgen.at\/index.php?rest_route=\/wp\/v2\/pages\/648\/revisions"}],"predecessor-version":[{"id":1294,"href":"https:\/\/machdirkeinesorgen.at\/index.php?rest_route=\/wp\/v2\/pages\/648\/revisions\/1294"}],"wp:attachment":[{"href":"https:\/\/machdirkeinesorgen.at\/index.php?rest_route=%2Fwp%2Fv2%2Fmedia&parent=648"}],"curies":[{"name":"wp","href":"https:\/\/api.w.org\/{rel}","templated":true}]}}